{"id":138,"date":"2024-04-26T18:53:06","date_gmt":"2024-04-26T18:53:06","guid":{"rendered":"https:\/\/cafetreslobos.com\/?post_type=product&#038;p=138"},"modified":"2026-03-22T23:17:01","modified_gmt":"2026-03-23T05:17:01","slug":"puebla-xochitlan","status":"publish","type":"product","link":"https:\/\/old.cafetreslobos.com\/index.php\/producto\/puebla-xochitlan\/","title":{"rendered":"Puebla XOCHITL\u00c1N"},"content":{"rendered":"<p>Nuestra #03 se compone de los mejores granos Costa Rica 95 semilavados de las granjas de Antonio Jimenez Lopez en puebla.<\/p>\n<p>Locaci\u00f3n: Xochitl\u00e1n, Puebla<br \/>\nProductor : Antonio Jim\u00e9nez L\u00f3pez<br \/>\nFinca : Sierra M\u00e1gica<br \/>\nVariedad : Costa Rica 95<br \/>\nProceso: Semilavado<br \/>\nAltitud: 990 msnm<br \/>\nAroma a caf\u00e9 de olla, notas de avellanas tostadas, vaina de vainilla y toques de piloncillo, acidez media y cuerpo medio.<\/p>\n<p>Finca Sierra M\u00e1gica, es una\u00a0<span class=\"C9DxTc \">finca agroecol\u00f3gica<\/span><span class=\"C9DxTc \">\u00a0productora y tostadora de caf\u00e9 desde hace tres generaciones ubicada en el municipio de Xoc<\/span><span class=\"C9DxTc \">hitl\u00e1n de Vicente Su\u00e1rez, en la sierra norte de Puebla<\/span><span class=\"C9DxTc \">. En el a\u00f1o 2016 entendieron <\/span><span class=\"C9DxTc \">que existen<\/span><span class=\"C9DxTc \">\u00a0nuevas tendencias en modelos de producci\u00f3n, beneficio, tueste y consumo de caf\u00e9<\/span><span class=\"C9DxTc \">, l<\/span><span class=\"C9DxTc \">lev\u00e1ndolos a explorar nuevos manejos <\/span><span class=\"C9DxTc \">de sus <\/span><span class=\"C9DxTc \">procesos, buscando ser mas amigables con el medio ambiente y devolverle a la tierra parte de lo que les ha dado creando una simbiosis en su ecosistema<\/span><span class=\"C9DxTc \">. De igual manera<\/span><span class=\"C9DxTc \">\u00a0com<\/span><span class=\"C9DxTc \">enzaron a<\/span><span class=\"C9DxTc \"> capacitarse para entender de una <\/span><span class=\"C9DxTc \">forma<\/span><span class=\"C9DxTc \">\u00a0m<\/span><span class=\"C9DxTc \">\u00e1s profesional<\/span><span class=\"C9DxTc \"> cada paso en la cadena de suministro .<\/span><\/p>\n<p class=\"zfr3Q CDt4Ke \" dir=\"ltr\"><span class=\"C9DxTc \">Su misi\u00f3n no es solo llevar sus mejores granos a nuestras manos, sino adem\u00e1s<\/span><span class=\"C9DxTc \">\u00a0es la promoci\u00f3n tanto del caf\u00e9 poblano, como de la\u00a0<\/span><span class=\"C9DxTc \">belleza<\/span><span class=\"C9DxTc \"> natural de sus tierras.<\/span><\/p>\n<p class=\"zfr3Q CDt4Ke \" dir=\"ltr\"><img loading=\"lazy\" decoding=\"async\" class=\"alignnone size-medium wp-image-142\" src=\"https:\/\/old.cafetreslobos.com\/wp-content\/uploads\/2024\/04\/420136011_922967759832743_7868900191164677195_n-300x300.jpg\" alt=\"\" width=\"300\" height=\"300\" srcset=\"https:\/\/old.cafetreslobos.com\/wp-content\/uploads\/2024\/04\/420136011_922967759832743_7868900191164677195_n-300x300.jpg 300w, https:\/\/old.cafetreslobos.com\/wp-content\/uploads\/2024\/04\/420136011_922967759832743_7868900191164677195_n-1024x1024.jpg 1024w, https:\/\/old.cafetreslobos.com\/wp-content\/uploads\/2024\/04\/420136011_922967759832743_7868900191164677195_n-150x150.jpg 150w, https:\/\/old.cafetreslobos.com\/wp-content\/uploads\/2024\/04\/420136011_922967759832743_7868900191164677195_n-768x768.jpg 768w, https:\/\/old.cafetreslobos.com\/wp-content\/uploads\/2024\/04\/420136011_922967759832743_7868900191164677195_n-600x600.jpg 600w, https:\/\/old.cafetreslobos.com\/wp-content\/uploads\/2024\/04\/420136011_922967759832743_7868900191164677195_n-100x100.jpg 100w, https:\/\/old.cafetreslobos.com\/wp-content\/uploads\/2024\/04\/420136011_922967759832743_7868900191164677195_n.jpg 1440w\" sizes=\"auto, (max-width: 300px) 100vw, 300px\" \/> <img loading=\"lazy\" decoding=\"async\" class=\"alignnone size-medium wp-image-143\" src=\"https:\/\/old.cafetreslobos.com\/wp-content\/uploads\/2024\/04\/FB_IMG_1614736974579-300x225.jpg\" alt=\"\" width=\"300\" height=\"225\" srcset=\"https:\/\/old.cafetreslobos.com\/wp-content\/uploads\/2024\/04\/FB_IMG_1614736974579-300x225.jpg 300w, https:\/\/old.cafetreslobos.com\/wp-content\/uploads\/2024\/04\/FB_IMG_1614736974579-768x576.jpg 768w, https:\/\/old.cafetreslobos.com\/wp-content\/uploads\/2024\/04\/FB_IMG_1614736974579-600x450.jpg 600w, https:\/\/old.cafetreslobos.com\/wp-content\/uploads\/2024\/04\/FB_IMG_1614736974579.jpg 833w\" sizes=\"auto, (max-width: 300px) 100vw, 300px\" \/> <img loading=\"lazy\" decoding=\"async\" class=\"alignnone size-medium wp-image-141\" src=\"https:\/\/old.cafetreslobos.com\/wp-content\/uploads\/2024\/04\/418450972_918306116965574_1490561351153068273_n-300x300.jpg\" alt=\"\" width=\"300\" height=\"300\" srcset=\"https:\/\/old.cafetreslobos.com\/wp-content\/uploads\/2024\/04\/418450972_918306116965574_1490561351153068273_n-300x300.jpg 300w, https:\/\/old.cafetreslobos.com\/wp-content\/uploads\/2024\/04\/418450972_918306116965574_1490561351153068273_n-1024x1020.jpg 1024w, https:\/\/old.cafetreslobos.com\/wp-content\/uploads\/2024\/04\/418450972_918306116965574_1490561351153068273_n-150x150.jpg 150w, https:\/\/old.cafetreslobos.com\/wp-content\/uploads\/2024\/04\/418450972_918306116965574_1490561351153068273_n-768x765.jpg 768w, https:\/\/old.cafetreslobos.com\/wp-content\/uploads\/2024\/04\/418450972_918306116965574_1490561351153068273_n-600x598.jpg 600w, https:\/\/old.cafetreslobos.com\/wp-content\/uploads\/2024\/04\/418450972_918306116965574_1490561351153068273_n-100x100.jpg 100w, https:\/\/old.cafetreslobos.com\/wp-content\/uploads\/2024\/04\/418450972_918306116965574_1490561351153068273_n.jpg 1440w\" sizes=\"auto, (max-width: 300px) 100vw, 300px\" \/> <img loading=\"lazy\" decoding=\"async\" class=\"alignnone size-medium wp-image-140\" src=\"https:\/\/old.cafetreslobos.com\/wp-content\/uploads\/2024\/04\/415490035_910212797774906_8343716024501164960_n-300x300.jpg\" alt=\"\" width=\"300\" height=\"300\" srcset=\"https:\/\/old.cafetreslobos.com\/wp-content\/uploads\/2024\/04\/415490035_910212797774906_8343716024501164960_n-300x300.jpg 300w, https:\/\/old.cafetreslobos.com\/wp-content\/uploads\/2024\/04\/415490035_910212797774906_8343716024501164960_n-150x150.jpg 150w, https:\/\/old.cafetreslobos.com\/wp-content\/uploads\/2024\/04\/415490035_910212797774906_8343716024501164960_n-600x600.jpg 600w, https:\/\/old.cafetreslobos.com\/wp-content\/uploads\/2024\/04\/415490035_910212797774906_8343716024501164960_n-100x100.jpg 100w, https:\/\/old.cafetreslobos.com\/wp-content\/uploads\/2024\/04\/415490035_910212797774906_8343716024501164960_n.jpg 612w\" sizes=\"auto, (max-width: 300px) 100vw, 300px\" \/><\/p>\n","protected":false},"excerpt":{"rendered":"<p>Nuestra #03 se compone de los mejores granos Costa Rica 95 semilavados de las granjas de Antonio Jimenez Lopez en puebla. Locaci\u00f3n: Xochitl\u00e1n, Puebla Productor : Antonio Jim\u00e9nez L\u00f3pez Finca : Sierra M\u00e1gica Variedad : Costa Rica 95 Proceso: Semilavado Altitud: 990 msnm Aroma a caf\u00e9 de olla, notas de avellanas tostadas, vaina de vainilla [&hellip;]<\/p>\n","protected":false},"featured_media":178,"comment_status":"open","ping_status":"closed","template":"","meta":[],"product_brand":[],"product_cat":[19,24],"product_tag":[],"class_list":{"0":"post-138","1":"product","2":"type-product","3":"status-publish","4":"has-post-thumbnail","6":"product_cat-cafe","7":"product_cat-single-origin","9":"first","10":"outofstock","11":"sale","12":"taxable","13":"shipping-taxable","14":"purchasable","15":"product-type-variable"},"yoast_head":"<!-- This site is optimized with the Yoast SEO plugin v27.4 - https:\/\/yoast.com\/product\/yoast-seo-wordpress\/ -->\n<title>Puebla XOCHITL\u00c1N - Caf\u00e9 Tres Lobos<\/title>\n<meta name=\"description\" content=\"Nuestra #03 se compone de los mejores granos Costa Rica 95 semilavados de las granjas de Antonio Jimenez Lopez en puebla. Locaci\u00f3n: Xochitl\u00e1n, PueblaProductor : Antonio Jim\u00e9nez L\u00f3pezFinca : Sierra MagicaVariedad : Costa Rica 95Proceso: SemilavadoAltitud: 990 msnmAroma a caf\u00e9 de olla, notas de avellanas tostadas, vaina de vainilla y toques de piloncillo, acidez media y cuerpo medio.\" \/>\n<meta name=\"robots\" content=\"noindex, follow, max-snippet:-1, max-image-preview:large, max-video-preview:-1\" \/>\n<meta property=\"og:locale\" content=\"es_ES\" \/>\n<meta property=\"og:type\" content=\"article\" \/>\n<meta property=\"og:title\" content=\"Puebla XOCHITL\u00c1N - Caf\u00e9 Tres Lobos\" \/>\n<meta property=\"og:description\" content=\"Nuestra #03 se compone de los mejores granos Costa Rica 95 semilavados de las granjas de Antonio Jimenez Lopez en puebla. Locaci\u00f3n: Xochitl\u00e1n, PueblaProductor : Antonio Jim\u00e9nez L\u00f3pezFinca : Sierra MagicaVariedad : Costa Rica 95Proceso: SemilavadoAltitud: 990 msnmAroma a caf\u00e9 de olla, notas de avellanas tostadas, vaina de vainilla y toques de piloncillo, acidez media y cuerpo medio.\" \/>\n<meta property=\"og:url\" content=\"https:\/\/old.cafetreslobos.com\/index.php\/producto\/puebla-xochitlan\/\" \/>\n<meta property=\"og:site_name\" content=\"Caf\u00e9 Tres Lobos\" \/>\n<meta property=\"article:modified_time\" content=\"2026-03-23T05:17:01+00:00\" \/>\n<meta property=\"og:image\" content=\"https:\/\/old.cafetreslobos.com\/wp-content\/uploads\/2024\/04\/bolsa-Puebla-SM-1024x1024.png\" \/>\n\t<meta property=\"og:image:width\" content=\"1024\" \/>\n\t<meta property=\"og:image:height\" content=\"1024\" \/>\n\t<meta property=\"og:image:type\" content=\"image\/png\" \/>\n<meta name=\"twitter:card\" content=\"summary_large_image\" \/>\n<meta name=\"twitter:label1\" content=\"Tiempo de lectura\" \/>\n\t<meta name=\"twitter:data1\" content=\"2 minutos\" \/>\n<script type=\"application\/ld+json\" class=\"yoast-schema-graph\">{\"@context\":\"https:\\\/\\\/schema.org\",\"@graph\":[{\"@type\":\"WebPage\",\"@id\":\"https:\\\/\\\/old.cafetreslobos.com\\\/index.php\\\/producto\\\/puebla-xochitlan\\\/\",\"url\":\"https:\\\/\\\/old.cafetreslobos.com\\\/index.php\\\/producto\\\/puebla-xochitlan\\\/\",\"name\":\"Puebla XOCHITL\u00c1N - Caf\u00e9 Tres Lobos\",\"isPartOf\":{\"@id\":\"https:\\\/\\\/old.cafetreslobos.com\\\/#website\"},\"primaryImageOfPage\":{\"@id\":\"https:\\\/\\\/old.cafetreslobos.com\\\/index.php\\\/producto\\\/puebla-xochitlan\\\/#primaryimage\"},\"image\":{\"@id\":\"https:\\\/\\\/old.cafetreslobos.com\\\/index.php\\\/producto\\\/puebla-xochitlan\\\/#primaryimage\"},\"thumbnailUrl\":\"https:\\\/\\\/old.cafetreslobos.com\\\/wp-content\\\/uploads\\\/2024\\\/04\\\/bolsa-Puebla-SM.png\",\"datePublished\":\"2024-04-26T18:53:06+00:00\",\"dateModified\":\"2026-03-23T05:17:01+00:00\",\"description\":\"Nuestra #03 se compone de los mejores granos Costa Rica 95 semilavados de las granjas de Antonio Jimenez Lopez en puebla. Locaci\u00f3n: Xochitl\u00e1n, PueblaProductor : Antonio Jim\u00e9nez L\u00f3pezFinca : Sierra MagicaVariedad : Costa Rica 95Proceso: SemilavadoAltitud: 990 msnmAroma a caf\u00e9 de olla, notas de avellanas tostadas, vaina de vainilla y toques de piloncillo, acidez media y cuerpo medio.\",\"breadcrumb\":{\"@id\":\"https:\\\/\\\/old.cafetreslobos.com\\\/index.php\\\/producto\\\/puebla-xochitlan\\\/#breadcrumb\"},\"inLanguage\":\"es\",\"potentialAction\":[{\"@type\":\"ReadAction\",\"target\":[\"https:\\\/\\\/old.cafetreslobos.com\\\/index.php\\\/producto\\\/puebla-xochitlan\\\/\"]}]},{\"@type\":\"ImageObject\",\"inLanguage\":\"es\",\"@id\":\"https:\\\/\\\/old.cafetreslobos.com\\\/index.php\\\/producto\\\/puebla-xochitlan\\\/#primaryimage\",\"url\":\"https:\\\/\\\/old.cafetreslobos.com\\\/wp-content\\\/uploads\\\/2024\\\/04\\\/bolsa-Puebla-SM.png\",\"contentUrl\":\"https:\\\/\\\/old.cafetreslobos.com\\\/wp-content\\\/uploads\\\/2024\\\/04\\\/bolsa-Puebla-SM.png\",\"width\":4000,\"height\":4000},{\"@type\":\"BreadcrumbList\",\"@id\":\"https:\\\/\\\/old.cafetreslobos.com\\\/index.php\\\/producto\\\/puebla-xochitlan\\\/#breadcrumb\",\"itemListElement\":[{\"@type\":\"ListItem\",\"position\":1,\"name\":\"Portada\",\"item\":\"https:\\\/\\\/old.cafetreslobos.com\\\/\"},{\"@type\":\"ListItem\",\"position\":2,\"name\":\"Tienda\",\"item\":\"https:\\\/\\\/old.cafetreslobos.com\\\/index.php\\\/tienda\\\/\"},{\"@type\":\"ListItem\",\"position\":3,\"name\":\"Puebla XOCHITL\u00c1N\"}]},{\"@type\":\"WebSite\",\"@id\":\"https:\\\/\\\/old.cafetreslobos.com\\\/#website\",\"url\":\"https:\\\/\\\/old.cafetreslobos.com\\\/\",\"name\":\"Caf\u00e9 Tres Lobos\",\"description\":\"Caf\u00e9 de especialidad con entrega a todo el pais, caf\u00e9 del bueno.\",\"publisher\":{\"@id\":\"https:\\\/\\\/old.cafetreslobos.com\\\/#organization\"},\"potentialAction\":[{\"@type\":\"SearchAction\",\"target\":{\"@type\":\"EntryPoint\",\"urlTemplate\":\"https:\\\/\\\/old.cafetreslobos.com\\\/?s={search_term_string}\"},\"query-input\":{\"@type\":\"PropertyValueSpecification\",\"valueRequired\":true,\"valueName\":\"search_term_string\"}}],\"inLanguage\":\"es\"},{\"@type\":\"Organization\",\"@id\":\"https:\\\/\\\/old.cafetreslobos.com\\\/#organization\",\"name\":\"Caf\u00e9 Tres Lobos\",\"url\":\"https:\\\/\\\/old.cafetreslobos.com\\\/\",\"logo\":{\"@type\":\"ImageObject\",\"inLanguage\":\"es\",\"@id\":\"https:\\\/\\\/old.cafetreslobos.com\\\/#\\\/schema\\\/logo\\\/image\\\/\",\"url\":\"https:\\\/\\\/old.cafetreslobos.com\\\/wp-content\\\/uploads\\\/2024\\\/04\\\/logo-1.png\",\"contentUrl\":\"https:\\\/\\\/old.cafetreslobos.com\\\/wp-content\\\/uploads\\\/2024\\\/04\\\/logo-1.png\",\"width\":864,\"height\":335,\"caption\":\"Caf\u00e9 Tres Lobos\"},\"image\":{\"@id\":\"https:\\\/\\\/old.cafetreslobos.com\\\/#\\\/schema\\\/logo\\\/image\\\/\"}}]}<\/script>\n<!-- \/ Yoast SEO plugin. -->","yoast_head_json":{"title":"Puebla XOCHITL\u00c1N - Caf\u00e9 Tres Lobos","description":"Nuestra #03 se compone de los mejores granos Costa Rica 95 semilavados de las granjas de Antonio Jimenez Lopez en puebla. Locaci\u00f3n: Xochitl\u00e1n, PueblaProductor : Antonio Jim\u00e9nez L\u00f3pezFinca : Sierra MagicaVariedad : Costa Rica 95Proceso: SemilavadoAltitud: 990 msnmAroma a caf\u00e9 de olla, notas de avellanas tostadas, vaina de vainilla y toques de piloncillo, acidez media y cuerpo medio.","robots":{"index":"noindex","follow":"follow","max-snippet":"max-snippet:-1","max-image-preview":"max-image-preview:large","max-video-preview":"max-video-preview:-1"},"og_locale":"es_ES","og_type":"article","og_title":"Puebla XOCHITL\u00c1N - Caf\u00e9 Tres Lobos","og_description":"Nuestra #03 se compone de los mejores granos Costa Rica 95 semilavados de las granjas de Antonio Jimenez Lopez en puebla. Locaci\u00f3n: Xochitl\u00e1n, PueblaProductor : Antonio Jim\u00e9nez L\u00f3pezFinca : Sierra MagicaVariedad : Costa Rica 95Proceso: SemilavadoAltitud: 990 msnmAroma a caf\u00e9 de olla, notas de avellanas tostadas, vaina de vainilla y toques de piloncillo, acidez media y cuerpo medio.","og_url":"https:\/\/old.cafetreslobos.com\/index.php\/producto\/puebla-xochitlan\/","og_site_name":"Caf\u00e9 Tres Lobos","article_modified_time":"2026-03-23T05:17:01+00:00","og_image":[{"width":1024,"height":1024,"url":"https:\/\/old.cafetreslobos.com\/wp-content\/uploads\/2024\/04\/bolsa-Puebla-SM-1024x1024.png","type":"image\/png"}],"twitter_card":"summary_large_image","twitter_misc":{"Tiempo de lectura":"2 minutos"},"schema":{"@context":"https:\/\/schema.org","@graph":[{"@type":"WebPage","@id":"https:\/\/old.cafetreslobos.com\/index.php\/producto\/puebla-xochitlan\/","url":"https:\/\/old.cafetreslobos.com\/index.php\/producto\/puebla-xochitlan\/","name":"Puebla XOCHITL\u00c1N - Caf\u00e9 Tres Lobos","isPartOf":{"@id":"https:\/\/old.cafetreslobos.com\/#website"},"primaryImageOfPage":{"@id":"https:\/\/old.cafetreslobos.com\/index.php\/producto\/puebla-xochitlan\/#primaryimage"},"image":{"@id":"https:\/\/old.cafetreslobos.com\/index.php\/producto\/puebla-xochitlan\/#primaryimage"},"thumbnailUrl":"https:\/\/old.cafetreslobos.com\/wp-content\/uploads\/2024\/04\/bolsa-Puebla-SM.png","datePublished":"2024-04-26T18:53:06+00:00","dateModified":"2026-03-23T05:17:01+00:00","description":"Nuestra #03 se compone de los mejores granos Costa Rica 95 semilavados de las granjas de Antonio Jimenez Lopez en puebla. Locaci\u00f3n: Xochitl\u00e1n, PueblaProductor : Antonio Jim\u00e9nez L\u00f3pezFinca : Sierra MagicaVariedad : Costa Rica 95Proceso: SemilavadoAltitud: 990 msnmAroma a caf\u00e9 de olla, notas de avellanas tostadas, vaina de vainilla y toques de piloncillo, acidez media y cuerpo medio.","breadcrumb":{"@id":"https:\/\/old.cafetreslobos.com\/index.php\/producto\/puebla-xochitlan\/#breadcrumb"},"inLanguage":"es","potentialAction":[{"@type":"ReadAction","target":["https:\/\/old.cafetreslobos.com\/index.php\/producto\/puebla-xochitlan\/"]}]},{"@type":"ImageObject","inLanguage":"es","@id":"https:\/\/old.cafetreslobos.com\/index.php\/producto\/puebla-xochitlan\/#primaryimage","url":"https:\/\/old.cafetreslobos.com\/wp-content\/uploads\/2024\/04\/bolsa-Puebla-SM.png","contentUrl":"https:\/\/old.cafetreslobos.com\/wp-content\/uploads\/2024\/04\/bolsa-Puebla-SM.png","width":4000,"height":4000},{"@type":"BreadcrumbList","@id":"https:\/\/old.cafetreslobos.com\/index.php\/producto\/puebla-xochitlan\/#breadcrumb","itemListElement":[{"@type":"ListItem","position":1,"name":"Portada","item":"https:\/\/old.cafetreslobos.com\/"},{"@type":"ListItem","position":2,"name":"Tienda","item":"https:\/\/old.cafetreslobos.com\/index.php\/tienda\/"},{"@type":"ListItem","position":3,"name":"Puebla XOCHITL\u00c1N"}]},{"@type":"WebSite","@id":"https:\/\/old.cafetreslobos.com\/#website","url":"https:\/\/old.cafetreslobos.com\/","name":"Caf\u00e9 Tres Lobos","description":"Caf\u00e9 de especialidad con entrega a todo el pais, caf\u00e9 del bueno.","publisher":{"@id":"https:\/\/old.cafetreslobos.com\/#organization"},"potentialAction":[{"@type":"SearchAction","target":{"@type":"EntryPoint","urlTemplate":"https:\/\/old.cafetreslobos.com\/?s={search_term_string}"},"query-input":{"@type":"PropertyValueSpecification","valueRequired":true,"valueName":"search_term_string"}}],"inLanguage":"es"},{"@type":"Organization","@id":"https:\/\/old.cafetreslobos.com\/#organization","name":"Caf\u00e9 Tres Lobos","url":"https:\/\/old.cafetreslobos.com\/","logo":{"@type":"ImageObject","inLanguage":"es","@id":"https:\/\/old.cafetreslobos.com\/#\/schema\/logo\/image\/","url":"https:\/\/old.cafetreslobos.com\/wp-content\/uploads\/2024\/04\/logo-1.png","contentUrl":"https:\/\/old.cafetreslobos.com\/wp-content\/uploads\/2024\/04\/logo-1.png","width":864,"height":335,"caption":"Caf\u00e9 Tres Lobos"},"image":{"@id":"https:\/\/old.cafetreslobos.com\/#\/schema\/logo\/image\/"}}]}},"_links":{"self":[{"href":"https:\/\/old.cafetreslobos.com\/index.php\/wp-json\/wp\/v2\/product\/138","targetHints":{"allow":["GET"]}}],"collection":[{"href":"https:\/\/old.cafetreslobos.com\/index.php\/wp-json\/wp\/v2\/product"}],"about":[{"href":"https:\/\/old.cafetreslobos.com\/index.php\/wp-json\/wp\/v2\/types\/product"}],"replies":[{"embeddable":true,"href":"https:\/\/old.cafetreslobos.com\/index.php\/wp-json\/wp\/v2\/comments?post=138"}],"wp:featuredmedia":[{"embeddable":true,"href":"https:\/\/old.cafetreslobos.com\/index.php\/wp-json\/wp\/v2\/media\/178"}],"wp:attachment":[{"href":"https:\/\/old.cafetreslobos.com\/index.php\/wp-json\/wp\/v2\/media?parent=138"}],"wp:term":[{"taxonomy":"product_brand","embeddable":true,"href":"https:\/\/old.cafetreslobos.com\/index.php\/wp-json\/wp\/v2\/product_brand?post=138"},{"taxonomy":"product_cat","embeddable":true,"href":"https:\/\/old.cafetreslobos.com\/index.php\/wp-json\/wp\/v2\/product_cat?post=138"},{"taxonomy":"product_tag","embeddable":true,"href":"https:\/\/old.cafetreslobos.com\/index.php\/wp-json\/wp\/v2\/product_tag?post=138"}],"curies":[{"name":"wp","href":"https:\/\/api.w.org\/{rel}","templated":true}]}}